1010000000010
What is -1515 (base 6) in base 13?
-254
1544 (base 7) to base 4
21230
-1733 (base 10) to base 12
-1005
-100010 (base 4) to base 11
-855
Convert -10020012 (base 3) to base 5.
-33404
What is 2fbb (base 16) in base 12?
70a3
-112100110 (base 3) to base 14
-3b53
What is -4648 (base 10) in base 11?
-3546
What is -2000322 (base 5) in base 10?
-31337
What is 2d (base 14) in base 9?
45
-8b3 (base 15) to base 11
-152a
-2129 (base 12) to base 4
-320301
What is 4654 (base 8) in base 6?
15244
What is -34123 (base 5) in base 13?
-1138
What is 3e31 (base 15) in base 12?
7861
What is -8225 (base 9) in base 14?
-229b
157 (base 9) to base 15
8d
11322 (base 4) to base 11
314
Convert b14 (base 14) to base 8.
4176
Convert -20000202 (base 3) to base 15.
-147e
31310 (base 6) to base 3
12210020
-1729 (base 13) to base 2
-110101010111
Convert -154113 (base 8) to base 9.
-83853
What is -712 (base 15) in base 8?
-3070
49295 (base 10) to base 4
30002033
11255 (base 13) to base 16
79be
-478 (base 10) to base 13
-2aa
-15130 (base 9) to base 13
-4905
Convert -1c9 (base 13) to base 8.
-516
Convert -1670 (base 10) to base 6.
-11422
1020012 (base 3) to base 2
1110000000
What is -27013 (base 8) in base 11?
-8946
Convert 1100011000010 (base 2) to base 14.
244a
What is 1221212 (base 3) in base 15?
652
What is 17cb (base 15) in base 4?
1100111
Convert 301 (base 12) to base 3.
121001
-1012100020 (base 3) to base 12
-11789
What is -220201 (base 3) in base 11?
-557
Convert -41868 (base 10) to base 9.
-63380
What is -1131 (base 4) in base 10?
-93
Convert 1065 (base 9) to base 8.
1424
What is 3a6 (base 14) in base 4?
23132
What is 44110 (base 5) in base 14?
1166
What is 15b1 (base 13) in base 11?
2437
1113014 (base 5) to base 16
4d2f
Convert 3502 (base 6) to base 4.
30332
What is 3213212 (base 4) in base 3?
202022222
Convert e82 (base 15) to base 14.
129a
-23454 (base 6) to base 2
-110101011010
Convert 1022 (base 11) to base 3.
1212012
Convert -1452 (base 9) to base 5.
-13400
Convert -7a (base 14) to base 9.
-130
Convert -202 (base 13) to base 16.
-154
Convert -39a1 (base 11) to base 6.
-40013
Convert -940 (base 14) to base 4.
-130130
Convert -152 (base 14) to base 11.
-224
Convert -23133 (base 4) to base 13.
-447
Convert -220120 (base 3) to base 15.
-2e3
100002112 (base 3) to base 11
4a87
78a2 (base 12) to base 2
11010000111010
What is 658 (base 15) in base 16?
599
What is 1001101001 (base 2) in base 10?
617
Convert 64c2 (base 13) to base 10.
14016
Convert -55 (base 14) to base 2.
-1001011
What is 220c (base 13) in base 12?
28b4
What is 11003001 (base 4) in base 6?
235413
What is 1324 (base 6) in base 9?
417
Convert -13303 (base 4) to base 9.
-614
What is 4495 (base 12) in base 15?
23bb
What is -11b66 (base 12) in base 11?
-17143
-21020112 (base 4) to base 15
-b133
-2365 (base 16) to base 3
-110102121
What is -618 (base 11) in base 3?
-1000121
-1011010110010001 (base 2) to base 6
-555105
202113 (base 6) to base 15
4b39
Convert bb48 (base 14) to base 7.
163321
What is -24e (base 16) in base 10?
-590
What is -545 (base 11) in base 14?
-34a
What is 3309 (base 14) in base 7?
34512
What is 175 (base 11) in base 10?
203
-100011101111110 (base 2) to base 13
-843b
Convert -2445 (base 6) to base 4.
-21131
889 (base 10) to base 9
1187
What is 110111110 (base 2) in base 5?
3241
-1e6d (base 16) to base 9
-11614
What is -382a (base 15) in base 3?
-121102011
1001200200 (base 3) to base 16
51b4
What is -1022440 (base 6) in base 11?
-344a7
What is -443 (base 10) in base 8?
-673
e2 (base 15) to base 3
21212
What is 21 (base 9) in base 2?
10011
What is 244 (base 16) in base 11?
488
1101101011 (base 2) to base 7
2360
22076 (base 9) to base 8
34471
-1310 (base 9) to base 7
-2601
Convert 3033114 (base 5) to base 15.
e874
Convert -315253 (base 6) to base 13.
-b994
What is -14575 (base 12) in base 7?
-145652
220100 (base 4) to base 3
10112102
What is 703 (base 10) in base 15?
31d
-33113 (base 4) to base 15
-458
-101110111000011 (base 2) to base 4
-11313003
Convert 18a (base 11) to base 9.
263
What is 626 (base 14) in base 13?
721
455 (base 13) to base 5
10441
Convert -4435 (base 10) to base 3.
-20002021
What is -131222 (base 4) in base 8?
-3552
Convert -1341201 (base 5) to base 3.
-1101222001
What is 218 (base 13) in base 14?
1b9
-2137 (base 8) to base 3
-1112110
9779 (base 13) to base 16
5240
-510d (base 16) to base 11
-14653
124324 (base 7) to base 10
23146
Convert -109 (base 14) to base 13.
-12a
Convert 3335 (base 7) to base 11.
9a3
Convert -1010101111011 (base 2) to base 9.
-7480
What is -1576 (base 10) in base 11?
-1203
Convert -11c (base 13) to base 12.
-142
What is -3320100 (base 4) in base 5?
-1002023
What is -1011011001100 (base 2) in base 15?
-1ae1
Convert 236c (base 13) to base 9.
6755
What is 6a20 (base 11) in base 15?
2ae8
-2066 (base 10) to base 4
-200102
What is -976 (base 14) in base 15?
-848
Convert b81 (base 14) to base 4.
203131
313130 (base 4) to base 8
6734
Convert -4411 (base 5) to base 12.
-426
Convert 1001011110100 (base 2) to base 4.
1023310
Convert 74c (base 13) to base 9.
1635
What is 112 (base 8) in base 12?
62
Convert -12254 (base 9) to base 13.
-3991
1117 (base 8) to base 10
591
Convert -368 (base 10) to base 14.
-1c4
Convert -d1a0 (base 14) to base 2.
-1000110010101000
-99b4 (base 13) to base 7
-116340
What is -51325 (base 7) in base 3?
-122011111
What is 21112202 (base 3) in base 16?
157d
-110111000001100 (base 2) to base 6
-334232
-36455 (base 9) to base 14
-8c91
56 (base 16) to base 9
105
6073 (base 9) to base 15
14b0
What is -1021100 (base 3) in base 7?
-2463
Convert 286c (base 14) to base 16.
1bf0
-4d9 (base 16) to base 11
-a29
What is -101111110010 (base 2) in base 3?
-11012021
-13059 (base 13) to base 6
-431030
What is 121122011 (base 3) in base 13?
569b
Convert -147a (base 13) to base 12.
-187a
Convert -11021211221 (base 3) to base 5.
-10200304
Convert 1125 (base 9) to base 2.
1101000001
What is -1156 (base 9) in base 2?
-1101011101
What is -4ded (base 15) in base 3?
-211211121
100000100 (base 2) to base 12
198
-15253 (base 6) to base 13
-118b
Convert -2011202 (base 3) to base 10.
-1586
Convert -679 (base 13) to base 14.
-598
Convert 1010010010100110 (base 2) to base 10.
42150
What is 1100011101110111 (base 2) in base 5?
3113223
8c46 (base 13) to base 12
b466
-6345 (base 15) to base 11
-14852
What is -1232 (base 9) in base 8?
-1630
What is b75 (base 13) in base 16?
7a3
What is -e85 (base 15) in base 4?
-303023
Convert -310220 (base 4) to base 8.
-6450
4165 (base 12) to base 13
3329
-6105 (base 10) to base 6
-44133
5254 (base 11) to base 14
276c
Convert 40043 (base 7) to base 11.
726a
-221202 (base 3) to base 14
-379
Convert -1a8c (base 14) to base 2.
-1001011011100
-c74 (base 16) to base 13
-15b3
1110 (base 6) to base 11
215
Convert -1156 (base 7) to base 16.
-1b1
-19d (base 14) to base 15
-175
What is -1114200 (base 5) in base 4?
-10313111
-15 (base 13) to base 12
-16
5333 (base 6) to base 8
2271
Convert 521 (base 11) to base 14.
32c
Convert -100000010011110 (base 2) to base 13.
-76b6
905 (base 13) to base 10
1526
-333311 (base 4) to base 2
-111111110101
What is 102505 (base 6) in base 11?
6340
11534 (base 8) to base 3
20210120
Convert -c9b (base 13) to base 5.
-32111
What is 4464 (base 11) in base 3?
22001201
What is 3230232 (base 4) in base 5?
441100
1001100111001 (base 2) to base 13
2317
-1041434 (base 6) to base 3
-2122122011
Convert 9752 (base 14) to base 2.
110011000011100
114331 (base 5) to base 8
10365
Convert 266 (base 10) to base 8.
412
What is -482 (base 10) in base 4?
-13202
What is 911 (base 14) in base 7?
5121
What is 5050 (base 7) in base 14?
8d0
Convert 825 (base 10) to base 2.
1100111001
Convert 122220 (base 4) to base 6.
11520
What is -7 (base 12) in base 8?
-7
-2215 (base 12) to base 13
-1934
Convert 1540 (base 10) to base 15.
6ca
What is 13032 (base 4) in base 12?
326
827 (base 13) to base 12
975
cb1 (base 13) to base 8
4174
420 (base 8) to base 12
1a8
122220002 (base 3) to base 10
13043
What is -1023121 (base 4) in base 12?
-2961
Convert 1b5 (base 15) to base 2.
110001011
What is -263 (base 16) in base 9?
-748
-1680 (base 11) to base 5
-32040
-100001110010 (base 2) to base 5
-32122
Convert -3bb (base 13) to base 3.
-220111
Conve